m be (-4)/(-18) - (-50)/z. Calculate q(m).
2
Let w(x) = 2*x**3 - 3*x**2 + 4. Let i(l) = -5*l**3 + 7*l**2 - 7. Let r(d) = -3*i(d) - 7*w(d). Let k = -72 - -72. Determine r(k).
-7
Let n = -75 - -83. Let v(i) = -i - 7. What is v(n)?
-15
Let r(x) = x - 1. Let z(s) = -s - 8. Let y be (4 + 0)*(-3 + 0). Let k be z(y). Give r(k).
3
Let h(a) = 3*a - 1. Let d be -2 + (0 - 1) + 2. Let r be 5*(2 + d)*1. Let v = r - 6. Determine h(v).
-4
Let o(b) be the third derivative of b**5/40 + b**4/12 + 5*b**3/6 + 5*b**2. Let h(a) be the first derivative of o(a). Calculate h(3).
11
Let s(d) = d**2 - d. Let q(t) = -t**2 - 9*t - 6. Let g be q(-10). Let z be 36/g - (-2)/8. Calculate s(z).
6
Let c(v) = -v**2 + 5*v - 4. Suppose 3*j - 1 = 11. Let n be c(j). Let h(q) = q**2 + q - 11. Determine h(n).
-11
Let f(c) = 6*c - 6*c + 0*c + c**3 + c**2 + 6. Calculate f(0).
6
Suppose -k - 25 = 2*g, 5*g + 19 = 5*k - 6. Let f(i) = -i**2 - 9*i + 10. Give f(g).
0
Suppose 0 = -6*s + s + 25. Let f(z) be the third derivative of -z**4/24 + 5*z**3/6 + z**2. Determine f(s).
0
Suppose 4*x + 4*h - 12 = 0, -5*h - 10 = -0. Let c(v) = 2*v**2 - 5*v - 6. Determine c(x).
19
Let t(m) be the first derivative of m**2/2 - 3*m - 25. Calculate t(7).
4
Let t(c) = c**3 + 6*c**2 - 7. Let q = -58 + 53. Determine t(q).
18
Let g(o) = 4 + 5*o + 0*o**2 - 4*o**2 + 3*o**2. Suppose 5*y + 2 + 3 = 2*c, -2*y + 2 = 0. Let v = 0 + c. What is g(v)?
4
Let s(j) = 2*j - 5. Let f(l) = l**3 + 3*l**2 - 4. Let u be f(-3). What is s(u)?
-13
Let o(y) = -y**3 + 7*y**2 - 9*y + 3. Let i(h) = 3*h + 21. Let p be i(-5). Give o(p).
-15
Let w = 11 - 11. Let p(o) = -3*o**3 + 4 + 2 + 2*o**3. Determine p(w).
6
Let v(b) = -b**3 - 6*b**2 + 7*b - 3. Suppose 19 + 16 = -5*a. Determine v(a).
-3
Let q(r) = 3*r. Let n(m) = m. Let x(j) = 17*n(j) - 6*q(j). Suppose -d - 1 = -a, -2*a - 5*d = -0*a + 33. Determine x(a).
4
Let f(b) = -19*b**2 + 18*b + 1. Let x(z) = -12*z**2 + 12*z + 1. Let n(g) = 5*f(g) - 8*x(g). Let i(d) = d**3 - d**2 + d + 6. Let y be i(0). Calculate n(y).
-3
Suppose 3*f + 4 + 2 = 0, 5*f + 16 = -3*c. Let a(y) = 2*y + 3. Give a(c).
-1
Let r(s) = 6*s + s**2 + 6*s**2 - 6 + 0 + 5*s**3. Let i(v) = -v**3. Let m(b) = 4*i(b) + r(b). Determine m(-6).
-6
Suppose z = -3*f, 4*f + 36 = 4*z + 20. Let p(j) = -5*j**3 + 4*j**2 - 8*j - 1. Let r(d) = 6*d**3 - 3*d**2 + 7*d + 1. Let q(s) = -5*p(s) - 6*r(s). Give q(f).
10
Suppose 0 = 4*c - o + 6*o + 7, -3 = o. Suppose y - c*y = -4. Let s(d) = -5*d - 2 + 17*d**3 - 16*d**3 + 3*d**2 - 5*d**2. What is s(y)?
10
Let f(n) = -2*n + 1. Let l(o) = -4*o + 3 + 3*o - o. Let p be l(3). Give f(p).
7
Let n(d) = d**2 - 11*d + 2. Let l be n(8). Let f be l/(-10) - 4/20. Let q(m) be the third derivative of -m**5/60 - m**4/24 - m**3/3 + m**2. Determine q(f).
-8
Let f(w) = -2*w**2 + 9*w + 1. Let q(s) = s. Let o(m) = -f(m) + 2*q(m). Calculate o(5).
14
Let d(i) = -8*i - 7. Let x(j) = j + 1. Let s(h) = -d(h) - 5*x(h). Suppose 6 = 4*c - c. What is s(c)?
8
Let s(h) be the first derivative of -h**3/3 - h**2/2 - h + 1. Suppose -15 = 5*y - 2*t, 0 = -0*t + t. Calculate s(y).
-7
Suppose 6 = 5*y - 5*c + 1, -2*y + 4*c - 6 = 0. Let k(w) be the second derivative of w**5/20 - w**4/2 + 2*w**3/3 + 3*w**2/2 + w. Give k(y).
-2
Let q(u) = 3*u**2 + 4*u - 5*u**2 + 5*u**2 - 5 + 7. Calculate q(-2).
6
Let n be ((-5)/30)/((-2)/12). Let u(j) = 2*j - 3 + j + 8 - n. Give u(-5).
-11
Suppose -2*k = -2*b - 7 - 5, 4*b + 5*k = -15. Let h(i) = i**3 + 3*i**2 - 5*i - 6. Let j(l) = l**3 + 3*l**2 - 6*l - 7. Let t(d) = b*j(d) + 6*h(d). Give t(-3).
-1
Let y = -6 + 8. Suppose -y*b - 18 = 4*x - 2*x, 5*b + 17 = 2*x. Let f(t) = -t**2 - t + 6. Determine f(b).
-14
Let h(k) be the second derivative of -k**4/12 + k**3/3 + 3*k**2/2 - 10*k + 1. What is h(5)?
-12
Let x(h) be the third derivative of 0 + 1/6*h**3 + 0*h - 6*h**2 - 1/24*h**4. What is x(2)?
-1
Let a(o) = -o**3 + o**2 + o + 1. Let b = -65 + 94. Let l = -29 + b. What is a(l)?
1
Let f = 18 - 19. Let p(x) = 13*x - 1. Give p(f).
-14
Suppose -2*o - 1 + 5 = 0. Let m(i) = -i**2 - 7*i + o*i + 1 + 5*i - 2*i. Determine m(-2).
1
Let z(y) = -3*y - 6. Suppose 3 = x, 4*j + 0*x = -2*x - 10. Let t be 8/3*6/j. Determine z(t).
6
Let b(h) = -h**3. Let j = -27 + 26. Calculate b(j).
1
Let k(a) = -5*a - 13. Let v = -8 - -3. Let g(c) = -6*c - 14. Let w(b) = v*k(b) + 4*g(b). Calculate w(-5).
4
Let o be 0*(-2 - -3) + 4. Suppose -4*r - 1 = o*x - 5, -2*r = -3*x - 2. Let q(j) = j**3 + 4. Give q(x).
4
Let m = 8 - 15. Let x(l) = l**2 + 7*l + 3. Let t be x(m). Let z(d) = -d**3 + 5*d**2 - 5*d + 2. Give z(t).
5
Suppose -7*n + 23 + 5 = 0. Let s(o) be the third derivative of o**5/60 - o**4/6 - 5*o**3/6 - o**2. What is s(n)?
-5
Let o(i) = i**3 + i**2 + 2*i + 2. Suppose 3*v = -9, -4*d = -7*v + 3*v - 4. Give o(d).
-6
Let a(u) be the first derivative of u**2/2 + 9*u + 23. Determine a(-9).
0
Let p(t) = t**3 - 5*t**2 + t + 2. Suppose 3*o + 5*h = 4*o, 1 = h. What is p(o)?
7
Let y(v) = v**2 - 3*v - 7. Let h(s) = -s**2 + 7*s + 17. Let m(f) = -2*h(f) - 5*y(f). Let p be 2*2/(-4)*1. Give m(p).
-3
Let z(b) be the third derivative of b**7/5040 + b**6/720 - b**5/60 + b**2. Let w(v) be the third derivative of z(v). Give w(4).
5
Suppose 6*r - 18 = 3*j + 3*r, 3*j + 19 = 4*r. Let y(q) = -4*q**2 + 6*q + 2. Let n(x) = 3*x**2 - 6*x - 3. Let f(u) = -5*n(u) - 4*y(u). What is f(j)?
2
Let h(l) = -8*l + l**2 + 3*l + 0*l**2 + 2. Suppose -3*v + 22 = 4*u, -u - 2*v + 8 = -0*v. Calculate h(u).
-2
Let r(p) = -1 - p**3 + p**2 + 28 + p - 8. Determine r(0).
19
Let d be 1*2*(4 - 1). Suppose 0 = -4*q + y - d, -2*q - y - 4 = -2*y. Let t(m) = m**3 - 7*m**3 + 7*m**3 - m. Give t(q).
0
Let f(j) = -2*j**2 + j + 3. Let s(r) = 3*r**2 - 2*r - 3. Let g(o) = -4*f(o) - 3*s(o). What is g(4)?
-11
Let w(b) = -2*b**3 + 2*b - 13. Let g be (9/6)/((-4)/8). Let v(p) = 3*p**3 - 3*p + 14. Let s(x) = g*v(x) - 4*w(x). Determine s(0).
10
Let q(x) = -8 + 6 + x - 7 + x**2. Let b(i) = i**2 - 11*i + 13. Let d be b(10). Let o = 3 - d. Determine q(o).
-9
Let z(o) = -3*o**3 + 10*o**2 + 13*o + 5. Let k = -8 + 12. Let p(s) = -4*s**3 + 10*s**2 + 14*s + 5. Let y(v) = k*p(v) - 5*z(v). Give y(-9).
-5
Let y(i) = -i**3 - i - 6. Let k(a) = -a**2 + 2*a - 6. Let o(x) = 1. Let c(u) = -k(u) - 5*o(u). Let t be c(3). Let s = 4 - t. Determine y(s).
-6
Suppose 9 = y + 1. Suppose 0 = 5*t + 2 + y. Let u(n) = n**3 + n**2 + 2*n + 2. Give u(t).
-6
Let d(w) be the first derivative of w**2/2 - w - 18. Give d(-4).
-5
Let j(x) = 1 - 3*x**2 + 2 - x**3 - 3*x + 4*x. Suppose -4*m + 5*k + 13 = 0, 0 = -0*m + m + 2*k. Let r(f) = -2*f**2 + 3*f - 1. Let c be r(m). Determine j(c).
0
Let s(a) be the second derivative of a**4/12 - a**3/2 + a**2 - 5*a. Determine s(3).
2
Let h(y) = -5 - 5 + 4 - 3*y. Calculate h(-5).
9
Suppose 0*c = -5*c + 15. Let b(o) = o + 5 + c + 1. What is b(-5)?
4
Let h(x) = -x**2 + 6*x - 1. Let p = -71 - -79. Let r(z) = -7 - 1 + 10*z - z**2 - 2. Let q be r(p). Determine h(q).
-1
Let g(h) = -h + 5 + 0 - 5 + 1. What is g(2)?
-1
Let l(t) = t**3 + t**2 + t - 8. Suppose -4*v - 2 = 6. Let u be 0/(5*v/(-5)). What is l(u)?
-8
Let t be (-60)/8*1/(-9). Let f(d) be the second derivative of -3/2*d**2 + 3*d - t*d**3 + 0 - 1/12*d**4. Calculate f(-3).
3
Let q(x) = 9*x**2 + 24*x + 22. Let g(n) = -4*n**2 - 12*n - 11. Let j(s) = -7*g(s) - 3*q(s). Determine j(-10).
-9
Let b(c) be the first derivative of c**3/3 + 2*c**2 + 5*c + 3. Calculate b(-5).
10
Let c(b) be the second derivative of -4*b + 1/2*b**2 + 0 + 1/3*b**3. What is c(4)?
9
Let b(y) = -y + 0*y + 2*y. Suppose 2*d + 2*i + 10 = -3*i, -2*i = -2*d - 10. Give b(d).
-5
Let t(p) = 4*p + 6*p**2 + 4*p**3 - 2 - 3*p**3 - p. Give t(-5).
8
Let r(d) = -4*d - 7. Let c = 151 + -156. Calculate r(c).
13
Let b(d) = -d**3 - 7*d**2 + 2*d + 1. Suppose 0 = -4*q + 3*q + 12. Let j = 5 - q. Give b(j).
-13
Suppose 0 = 4*b + 3*x + 42, 2*b - x = 3*b + 10. Let u be -4*3/b - 5. Let n(v) = v - 2. Calculate n(u).
-6
Suppose 4*t = -5*l - 42, 17*l - 16*l + 12 = -2*t. Let x(g) = g**2 + 6*g + 9. Give x(l).
9
Let b be (4/(-5))/((-2)/10). Let f be (-18)/((0 + 6)/(-3)). Let a = f - b. Let j(r) = -r**2 + 5*r - 6. Determine j(a).
-6
Let y(d) = -76*d - 79*d + 154*d. Let p be 5/(-2)*2/(-1). Suppose -4*s = -k - 15 - 5, -p*k = 4*s - 20. Calculate y(s).
-5
Let y(d) = -5*d - 1. Let k be (-9 + 25)*(-1)/2. Let n be ((-6)/9)/(k/(-12)). What is y(n)?
